 are the prime factors of 112907?
23, 4909
List the prime factors of 5005303.
19, 263437
List the prime factors of 3189956.
2, 7, 11, 10357
What are the prime factors of 9651463?
181, 53323
What are the prime factors of 5173?
7, 739
What are the prime factors of 2013908?
2, 13, 38729
What are the prime factors of 1306561?
23, 56807
What are the prime factors of 927075?
3, 5, 47, 263
What are the prime factors of 1549417?
1549417
List the prime factors of 621166.
2, 7, 13, 3413
What are the prime factors of 2204509?
17, 103, 1259
What are the prime factors of 21571377?
3, 131, 419
What are the prime factors of 536896?
2, 8389
List the prime factors of 797147.
13, 17, 3607
List the prime factors of 9089796.
2, 3, 233, 3251
What are the prime factors of 2422113?
3, 807371
List the prime factors of 149492.
2, 7, 19, 281
What are the prime factors of 5692392?
2, 3, 173, 457
What are the prime factors of 7150080?
2, 3, 5, 7, 19
List the prime factors of 32641558.
2, 43, 383, 991
List the prime factors of 4536542.
2, 2268271
What are the prime factors of 11955363?
3, 7, 167, 487
What are the prime factors of 454639?
43, 97, 109
What are the prime factors of 127332?
2, 3, 131
List the prime factors of 2460339.
3, 7, 797
List the prime factors of 4764903.
3, 11, 13, 29, 383
List the prime factors of 980139.
3, 239, 1367
What are the prime factors of 639638?
2, 319819
What are the prime factors of 150429?
3, 41, 1223
What are the prime factors of 286137?
3, 31793
List the prime factors of 2337117.
3, 779039
List the prime factors of 23998277.
461, 52057
List the prime factors of 275725.
5, 41, 269
List the prime factors of 329500.
2, 5, 659
What are the prime factors of 356205?
3, 5, 23747
List the prime factors of 3282167.
7, 1367
List the prime factors of 3659040.
2, 3, 5, 7, 11
List the prime factors of 5701748.
2, 13, 19, 29, 199
What are the prime factors of 3465946?
2, 11, 157543
What are the prime factors of 35013570?
2, 3, 5, 31, 37649
What are the prime factors of 10075082?
2, 149, 33809
List the prime factors of 315624.
2, 3, 13151
What are the prime factors of 80598?
2, 3, 7, 19, 101
List the prime factors of 827665.
5, 165533
List the prime factors of 5638295.
5, 13, 86743
What are the prime factors of 4431178?
2, 167, 13267
What are the prime factors of 30820603?
11, 19, 31, 67, 71
List the prime factors of 271218.
2, 3, 17, 2659
What are the prime factors of 7217367?
3, 17, 47, 3011
What are the prime factors of 99804?
2, 3, 8317
List the prime factors of 76755.
3, 5, 7, 17, 43
List the prime factors of 1343586.
2, 3, 61, 3671
What are the prime factors of 6568719?
3, 2189573
List the prime factors of 9676840.
2, 5, 241921
What are the prime factors of 24640564?
2, 13, 473857
List the prime factors of 9435846.
2, 3, 7, 29, 61, 127
What are the prime factors of 8661?
3, 2887
List the prime factors of 1518913.
11, 12553
What are the prime factors of 9778748?
2, 7, 349241
List the prime factors of 933456.
2, 3, 19447
List the prime factors of 1249193.
11, 19, 43, 139
List the prime factors of 227908.
2, 227, 251
List the prime factors of 17711441.
11, 1610131
List the prime factors of 1378421.
11, 125311
List the prime factors of 2386856.
2, 19, 41, 383
What are the prime factors of 79171?
41, 1931
What are the prime factors of 755617?
755617
What are the prime factors of 253918?
2, 7, 2591
What are the prime factors of 23492590?
2, 5, 11, 41, 5209
List the prime factors of 466064.
2, 29129
What are the prime factors of 10262?
2, 7, 733
List the prime factors of 6417435.
3, 5, 173, 2473
List the prime factors of 4509585.
3, 5, 100213
List the prime factors of 578947.
67, 8641
What are the prime factors of 3517509?
3, 1172503
What are the prime factors of 1385680?
2, 5, 17321
List the prime factors of 4373514.
2, 3, 8999
What are the prime factors of 305899?
11, 27809
List the prime factors of 9442314.
2, 3, 7, 137, 547
List the prime factors of 589571.
163, 3617
List the prime factors of 8398951.
11, 29, 113, 233
List the prime factors of 2340495.
3, 5, 5779
What are the prime factors of 5283900?
2, 3, 5, 19, 103
What are the prime factors of 2876887?
13, 29, 587
List the prime factors of 281971.
281971
What are the prime factors of 3071937?
3, 11, 93089
List the prime factors of 659567.
41, 16087
What are the prime factors of 5946666?
2, 3, 11, 8191
What are the prime factors of 8699462?
2, 41, 277, 383
What are the prime factors of 101407?
23, 4409
List the prime factors of 117500.
2, 5, 47
What are the prime factors of 95815?
5, 19163
What are the prime factors of 1134?
2, 3, 7
List the prime factors of 2062465.
5, 412493
What are the prime factors of 517929?
3, 172643
What are the prime factors of 541294?
2, 13, 109, 191
What are the prime factors of 1939602?
2, 3, 7, 46181
List the prime factors of 6693435.
3, 5, 7, 787
What are the prime factors of 535691?
13, 89, 463
What are the prime factors of 2562244?
2, 61, 10501
What are the prime factors of 2822304?
2, 3, 29399
What are the prime factors of 2981345?
5, 29, 709
What are the prime factors of 1126668?
2, 3, 93889
List the prime factors of 1480212.
2, 3, 41117
List the prime factors of 9783912.
2, 3, 41, 61, 163
List the prime factors of 713868.
2, 3, 19, 31, 101
List the prime factors of 1558185.
3, 5, 73, 1423
What are the prime factors of 950633?
950633
What are the prime factors of 244447?
7, 47, 743
List the prime factors of 1190008.
2, 19, 7829
What are the prime factors of 21422339?
383, 55933
List the prime factors of 1639954.
2, 819977
List the prime factors of 539259.
3, 7, 25679
List the prime factors of 817030.
2, 5, 81703
List the prime factors of 474826.
2, 11, 113, 191
What are the prime factors of 304825?
5, 89, 137
List the prime factors of 733476.
2, 3, 19, 3217
What are the prime factors of 519107?
519107
List the prime factors of 513062.
2, 11, 23321
What are the prime factors of 5789603?
2179, 2657
List the prime factors of 17642110.
2, 5, 53, 33287
What are the prime factors of 1258381?
97, 12973
List the prime factors of 1502800.
2, 5, 13, 17
What are the prime factors of 32089606?
2, 821, 19543
List the prime factors of 15004098.
2, 3, 17, 49033
What are the prime factors of 159660?
2, 3, 5, 887
What are the prime factors of 4101118?
2, 7, 457, 641
List the prime factors of 1068037.
1068037
List the prime factors of 3720008.
2, 17, 1609
List the prime factors of 7728.
2, 3, 7, 23
What are the prime factors of 4161050?
2, 5, 83221
List the prime factors of 1647772.
2, 7, 1201
List the prime factors of 1962620.
2, 5, 11, 811
What are the prime factors of 3563002?
2, 761, 2341
What are the prime factors of 7675356?
2, 3, 13, 49201
List the prime factors of 9609024.
2, 3, 50047
List the prime factors of 3588102.
2, 3, 7, 28477
List the prime factors of 37996.
2, 7, 23, 59
What are the prime factors of 2414961?
3, 89443
What are the prime factors of 8017747?
31, 258637
What are the prime factors of 289099?
289099
What are the prime factors of 12791072?
2, 7, 17, 3359
What are the prime factors of 531371?
31, 61, 281
List the prime factors of 530056.
2, 59, 1123
What are the prime factors of 528503?
149, 3547
What are the prime factors of 11012022?
2, 3, 7, 17, 53, 97
What are the prime factors of 696972?
2, 3, 241
What are the prime factors of 28762927?
863, 33329
List the prime factors of 56342.
2, 11, 13, 197
What are the prime factors of 13135799?
619, 21221
What are the prime factors of 11142414?
2, 3, 206341
What are the prime factors of 8633085?
3, 5, 373, 1543
List the prime factors of 96349.
11, 19, 461
List the prime factors of 8054365.
5, 11, 13313
List the prime factors of 487691.
487691
List the prime factors of 86382.
2, 3, 4799
What are the prime factors of 1473695?
5, 359, 821
List the prime factors of 162830.
2, 5, 19, 857
List the prime factors of 117969.
3, 39323
What are the prime factors of 4764511?
4764511
List the prime factors of 777982.
2, 388991
List the prime factors of 172812.
2, 3, 14401
List the prime factors of 3229573.
3229573
List the prime factors of 5359546.
2, 2679773
What are the prime factors of 2074088?
2, 107, 2423
List the prime factors of 3629368.
2, 453671
What are the prime factors of 2658870?
2, 3, 5, 31, 953
List t